NOAA-Style Climate Reports


Report for 2024 April

Daily NOAA report



                            MONTHLY CLIMATOLOGICAL SUMMARY for APR. 2024

NAME: Meteo-Maspalomas   CITY: Maspalomas STATE: Gran Canaria, Canary Islands
ELEV: 230 LAT: 027:46:12 LONG: 0015:34:28

                            TEMPERATURE ( °C), RAIN (mm), WIND SPEED (kmh)

                                               HEAT     COOL           AVG
      MEAN                                     DEG      DEG            WIND                       DOM
DAY   TEMP    HIGH   TIME     LOW    TIME      DAYS     DAYS    RAIN   SPEED    HIGH    TIME      DIR
--------------------------------------------------------------------------------------------------------
01    19.3    22.3   13:10    16.6   07:00     00.0     01.0    00.0   02.2     20.4    13:35      SE
02    18.9    22.3   11:09    16.2   06:31     00.0     00.6    00.0   01.5     18.5    11:56      E 
03    19.8    23.6   13:50    16.3   06:42     00.0     01.5    00.0   03.3     24.1    14:03     WSW
04    19.8    23.4   15:37    16.8   06:19     00.0     01.5    00.0   02.5     22.2    16:49      SW
05    20.5    25.5   15:29    16.4   07:19     00.0     02.2    00.0   01.6     20.4    12:15      S 
06    20.6    23.3   14:50    18.0   06:25     00.0     02.3    00.0   02.7     20.4    16:36      SW
07    19.9    22.3   16:11    17.2   06:22     00.0     01.6    00.0   03.3     25.9    14:16      SW
08    19.9    22.9   16:30    16.5   06:02     00.0     01.6    00.0   03.3     27.8    15:56      SW
09    20.6    24.7   15:33    17.4   07:09     00.0     02.3    00.0   03.8     27.8    15:33     WSW
10    22.9    33.0   23:42    17.9   05:23     00.0     04.6    00.0   01.9     25.9    23:39     SSW
11    33.7    37.2   15:33    28.3   22:04     00.0     15.4    00.0   09.4     44.4    03:41     ENE
12    27.5    34.7   00:47    22.7   08:07     00.0     09.2    00.0   02.8     31.4    00:16     SSE
--------------------------------------------------------------------------------------------------------
21.9 (22.3)   37.2  day 11     16.2  day 02   000.0    043.7   000.0   03.2     44.4   day 11     SSW
Max >  30: 3
Min <   30: 12
Max Rain: 0.0 ON 0-04-24
Days of Rain: 0 (> .2mm) 0 (> 2mm) 0 (> 20mm)